{"id":28,"date":"2019-10-13T21:03:51","date_gmt":"2019-10-13T19:03:51","guid":{"rendered":"https:\/\/wb.pb.edu.pl\/inl-en\/?page_id=28"},"modified":"2019-10-14T22:45:13","modified_gmt":"2019-10-14T20:45:13","slug":"erasmus","status":"publish","type":"page","link":"https:\/\/wb.pb.edu.pl\/inl-en\/erasmus\/","title":{"rendered":"ERASMUS+"},"content":{"rendered":"<p><span class=\"tlid-translation translation\" style=\"font-size: 12pt\"><span class=\"\" title=\"\">Erasmus+ <span class=\"tlid-translation translation\">Faculty Coordinator<\/span>:<\/span><\/span><\/p>\n<p><span style=\"font-size: 12pt\">Dan Wolkowycki, PhD<\/span><\/p>\n<p><i class=\"fa fa-envelope-o\"><\/i> <a href=\"https:\/\/zwl.pb.edu.pl\/umiedzynarodowienie\/erasmus\/#\" rel=\"nofollow\"><span style=\"font-size: 12pt\">d.wolkowycki [at] pb.edu.pl<\/span><\/a><\/p>\n<h3><span style=\"font-size: 12pt\">17-200 Hajn\u00f3wka, ul. J. Pi\u0142sudskiego 8, Building B, room 5<\/span><\/h3>\n<h4><span style=\"font-size: 12pt\">CONSULTATIONS: winter semester 2018\/2019: Wednesday, 10:15 \u2013 12:00<\/span><\/h4>\n<p>&nbsp;<\/p>\n<h2><a href=\"http:\/\/iro.pb.edu.pl\/\"><span style=\"font-size: 14pt\">Information on Erasmus+ in Bia\u0142ystok University of Technology<\/span><\/a><\/h2>\n<h2><span style=\"font-size: 14pt\"><a href=\"http:\/\/elam.pb.edu.pl\/elam\/2018\/modules-faculty-forestry_winter\/?page=1\">Modules offered by Faculty of Forestry<\/a><\/span><\/h2>\n<h2><span style=\"font-size: 14pt\"><a href=\"http:\/\/iro.pb.edu.pl\/pl\/course\">Course catalog<\/a><\/span><\/h2>\n<h2><span style=\"font-size: 14pt\"><a href=\"http:\/\/iro.pb.edu.pl\/pl\/about\">Institutional contacts<\/a><\/span><\/h2>\n<h2><span style=\"font-size: 14pt\"><a href=\"http:\/\/iro.pb.edu.pl\/sites\/default\/files\/GUIDEBOOK_1.pdf\">Guidebook<\/a><\/span><\/h2>\n","protected":false},"excerpt":{"rendered":"<p>Erasmus+ Faculty Coordinator: Dan Wolkowycki, PhD d.wolkowycki [at] pb.edu.pl 17-200 Hajn\u00f3wka, ul. J. Pi\u0142sudskiego 8,<a class=\"read-more\" href=\"https:\/\/wb.pb.edu.pl\/inl-en\/erasmus\/\" title=\"Poka\u017c artyku\u0142 ERASMUS+\">wi\u0119cej<\/a><\/p>\n","protected":false},"author":3,"featured_media":0,"parent":0,"menu_order":4,"comment_status":"closed","ping_status":"closed","template":"","meta":{"inline_featured_image":false,"ngg_post_thumbnail":0,"footnotes":""},"class_list":["post-28","page","type-page","status-publish","hentry"],"acf":[],"yoast_head":"<!-- This site is optimized with the Yoast SEO plugin v26.4 - https:\/\/yoast.com\/wordpress\/plugins\/seo\/ -->\n<title>ERASMUS+ - Institute of Forest Sciences<\/title>\n<meta name=\"robots\" content=\"index, follow, max-snippet:-1, max-image-preview:large, max-video-preview:-1\" \/>\n<link rel=\"canonical\" href=\"https:\/\/wb.pb.edu.pl\/inl-en\/erasmus\/\" \/>\n<meta property=\"og:locale\" content=\"en_GB\" \/>\n<meta property=\"og:type\" content=\"article\" \/>\n<meta property=\"og:title\" content=\"ERASMUS+ - Institute of Forest Sciences\" \/>\n<meta property=\"og:description\" content=\"Erasmus+ Faculty Coordinator: Dan Wolkowycki, PhD d.wolkowycki [at] pb.edu.pl 17-200 Hajn\u00f3wka, ul. J. Pi\u0142sudskiego 8,wi\u0119cej\" \/>\n<meta property=\"og:url\" content=\"https:\/\/wb.pb.edu.pl\/inl-en\/erasmus\/\" \/>\n<meta property=\"og:site_name\" content=\"Institute of Forest Sciences\" \/>\n<meta property=\"article:modified_time\" content=\"2019-10-14T20:45:13+00:00\" \/>\n<meta name=\"twitter:card\" content=\"summary_large_image\" \/>\n<script type=\"application\/ld+json\" class=\"yoast-schema-graph\">{\"@context\":\"https:\/\/schema.org\",\"@graph\":[{\"@type\":\"WebPage\",\"@id\":\"https:\/\/wb.pb.edu.pl\/inl-en\/erasmus\/\",\"url\":\"https:\/\/wb.pb.edu.pl\/inl-en\/erasmus\/\",\"name\":\"ERASMUS+ - Institute of Forest Sciences\",\"isPartOf\":{\"@id\":\"https:\/\/wb.pb.edu.pl\/inl-en\/#website\"},\"datePublished\":\"2019-10-13T19:03:51+00:00\",\"dateModified\":\"2019-10-14T20:45:13+00:00\",\"breadcrumb\":{\"@id\":\"https:\/\/wb.pb.edu.pl\/inl-en\/erasmus\/#breadcrumb\"},\"inLanguage\":\"en-GB\",\"potentialAction\":[{\"@type\":\"ReadAction\",\"target\":[\"https:\/\/wb.pb.edu.pl\/inl-en\/erasmus\/\"]}]},{\"@type\":\"BreadcrumbList\",\"@id\":\"https:\/\/wb.pb.edu.pl\/inl-en\/erasmus\/#breadcrumb\",\"itemListElement\":[{\"@type\":\"ListItem\",\"position\":1,\"name\":\"Strona g\u0142\u00f3wna\",\"item\":\"https:\/\/wb.pb.edu.pl\/inl-en\/\"},{\"@type\":\"ListItem\",\"position\":2,\"name\":\"ERASMUS+\"}]},{\"@type\":\"WebSite\",\"@id\":\"https:\/\/wb.pb.edu.pl\/inl-en\/#website\",\"url\":\"https:\/\/wb.pb.edu.pl\/inl-en\/\",\"name\":\"Institute of Forest Sciences\",\"description\":\"\",\"potentialAction\":[{\"@type\":\"SearchAction\",\"target\":{\"@type\":\"EntryPoint\",\"urlTemplate\":\"https:\/\/wb.pb.edu.pl\/inl-en\/?s={search_term_string}\"},\"query-input\":{\"@type\":\"PropertyValueSpecification\",\"valueRequired\":true,\"valueName\":\"search_term_string\"}}],\"inLanguage\":\"en-GB\"}]}<\/script>\n<!-- \/ Yoast SEO plugin. -->","yoast_head_json":{"title":"ERASMUS+ - Institute of Forest Sciences","robots":{"index":"index","follow":"follow","max-snippet":"max-snippet:-1","max-image-preview":"max-image-preview:large","max-video-preview":"max-video-preview:-1"},"canonical":"https:\/\/wb.pb.edu.pl\/inl-en\/erasmus\/","og_locale":"en_GB","og_type":"article","og_title":"ERASMUS+ - Institute of Forest Sciences","og_description":"Erasmus+ Faculty Coordinator: Dan Wolkowycki, PhD d.wolkowycki [at] pb.edu.pl 17-200 Hajn\u00f3wka, ul. J. Pi\u0142sudskiego 8,wi\u0119cej","og_url":"https:\/\/wb.pb.edu.pl\/inl-en\/erasmus\/","og_site_name":"Institute of Forest Sciences","article_modified_time":"2019-10-14T20:45:13+00:00","twitter_card":"summary_large_image","schema":{"@context":"https:\/\/schema.org","@graph":[{"@type":"WebPage","@id":"https:\/\/wb.pb.edu.pl\/inl-en\/erasmus\/","url":"https:\/\/wb.pb.edu.pl\/inl-en\/erasmus\/","name":"ERASMUS+ - Institute of Forest Sciences","isPartOf":{"@id":"https:\/\/wb.pb.edu.pl\/inl-en\/#website"},"datePublished":"2019-10-13T19:03:51+00:00","dateModified":"2019-10-14T20:45:13+00:00","breadcrumb":{"@id":"https:\/\/wb.pb.edu.pl\/inl-en\/erasmus\/#breadcrumb"},"inLanguage":"en-GB","potentialAction":[{"@type":"ReadAction","target":["https:\/\/wb.pb.edu.pl\/inl-en\/erasmus\/"]}]},{"@type":"BreadcrumbList","@id":"https:\/\/wb.pb.edu.pl\/inl-en\/erasmus\/#breadcrumb","itemListElement":[{"@type":"ListItem","position":1,"name":"Strona g\u0142\u00f3wna","item":"https:\/\/wb.pb.edu.pl\/inl-en\/"},{"@type":"ListItem","position":2,"name":"ERASMUS+"}]},{"@type":"WebSite","@id":"https:\/\/wb.pb.edu.pl\/inl-en\/#website","url":"https:\/\/wb.pb.edu.pl\/inl-en\/","name":"Institute of Forest Sciences","description":"","potentialAction":[{"@type":"SearchAction","target":{"@type":"EntryPoint","urlTemplate":"https:\/\/wb.pb.edu.pl\/inl-en\/?s={search_term_string}"},"query-input":{"@type":"PropertyValueSpecification","valueRequired":true,"valueName":"search_term_string"}}],"inLanguage":"en-GB"}]}},"_links":{"self":[{"href":"https:\/\/wb.pb.edu.pl\/inl-en\/wp-json\/wp\/v2\/pages\/28","targetHints":{"allow":["GET"]}}],"collection":[{"href":"https:\/\/wb.pb.edu.pl\/inl-en\/wp-json\/wp\/v2\/pages"}],"about":[{"href":"https:\/\/wb.pb.edu.pl\/inl-en\/wp-json\/wp\/v2\/types\/page"}],"author":[{"embeddable":true,"href":"https:\/\/wb.pb.edu.pl\/inl-en\/wp-json\/wp\/v2\/users\/3"}],"replies":[{"embeddable":true,"href":"https:\/\/wb.pb.edu.pl\/inl-en\/wp-json\/wp\/v2\/comments?post=28"}],"version-history":[{"count":3,"href":"https:\/\/wb.pb.edu.pl\/inl-en\/wp-json\/wp\/v2\/pages\/28\/revisions"}],"predecessor-version":[{"id":84,"href":"https:\/\/wb.pb.edu.pl\/inl-en\/wp-json\/wp\/v2\/pages\/28\/revisions\/84"}],"wp:attachment":[{"href":"https:\/\/wb.pb.edu.pl\/inl-en\/wp-json\/wp\/v2\/media?parent=28"}],"curies":[{"name":"wp","href":"https:\/\/api.w.org\/{rel}","templated":true}]}}