{"id":42,"date":"2019-10-14T22:12:11","date_gmt":"2019-10-14T20:12:11","guid":{"rendered":"https:\/\/wb.pb.edu.pl\/inl-en\/?page_id=42"},"modified":"2019-10-14T22:46:53","modified_gmt":"2019-10-14T20:46:53","slug":"region-of-bialowieza-forest","status":"publish","type":"page","link":"https:\/\/wb.pb.edu.pl\/inl-en\/region-of-bialowieza-forest\/","title":{"rendered":"Region of Bia\u0142owieza Forest"},"content":{"rendered":"<p><a name=\"tu-skacz\"><\/a><\/p>\n<div class=\"row\">\n<div class=\"col-sm-4 text-center\"><a class=\"button text-center animated zoomIn\" style=\"width: 100%;font-size: 1.9rem\" href=\"https:\/\/en.wikipedia.org\/wiki\/Bia%C5%82owie%C5%BCa_Forest\"><strong>Bia\u0142owie\u017ca Forest<\/strong><\/a><\/div>\n<div class=\"col-sm-4 text-center\"><a class=\"button text-center animated zoomIn\" style=\"width: 100%;font-size: 1.9rem\" href=\"https:\/\/www.lasy.gov.pl\/en\"><strong>State Forest<\/strong><\/a><\/div>\n<div class=\"col-sm-4 text-center\"><a class=\"button text-center animated zoomIn\" style=\"width: 100%;font-size: 1.9rem\" href=\"https:\/\/bpn.com.pl\/index.php?lang=en\"><strong>Bia\u0142owie\u017ca National Park<\/strong><\/a><\/div>\n<\/div>\n<p>&nbsp;<\/p>\n<div class=\"row\">\n<div class=\"col-sm-12 text-center\"><a class=\"button text-center animated zoomIn lead\" style=\"width: 100%\" href=\"https:\/\/www.ibles.pl\/en\/web\/guest\/home\"><strong>Forest Research Institute<\/strong><\/a><\/div>\n<div class=\"col-sm-12 text-center\"><a class=\"button text-center animated zoomIn lead\" style=\"width: 100%\" href=\"http:\/\/www.zbs.bialowieza.pl\/\"><strong>Mammal Research Institute Polish Academy of Sciences<\/strong><\/a><\/div>\n<\/div>\n","protected":false},"excerpt":{"rendered":"<p>Bia\u0142owie\u017ca Forest State Forest Bia\u0142owie\u017ca National Park &nbsp; Forest Research Institute Mammal Research Institute Polish<a class=\"read-more\" href=\"https:\/\/wb.pb.edu.pl\/inl-en\/region-of-bialowieza-forest\/\" title=\"Poka\u017c artyku\u0142 Region of Bia\u0142owieza Forest\">wi\u0119cej<\/a><\/p>\n","protected":false},"author":3,"featured_media":0,"parent":0,"menu_order":5,"comment_status":"closed","ping_status":"closed","template":"","meta":{"inline_featured_image":false,"ngg_post_thumbnail":0,"footnotes":""},"class_list":["post-42","page","type-page","status-publish","hentry"],"acf":[],"yoast_head":"<!-- This site is optimized with the Yoast SEO plugin v26.4 - https:\/\/yoast.com\/wordpress\/plugins\/seo\/ -->\n<title>Region of Bia\u0142owieza Forest - Institute of Forest Sciences<\/title>\n<meta name=\"robots\" content=\"index, follow, max-snippet:-1, max-image-preview:large, max-video-preview:-1\" \/>\n<link rel=\"canonical\" href=\"https:\/\/wb.pb.edu.pl\/inl-en\/region-of-bialowieza-forest\/\" \/>\n<meta property=\"og:locale\" content=\"en_GB\" \/>\n<meta property=\"og:type\" content=\"article\" \/>\n<meta property=\"og:title\" content=\"Region of Bia\u0142owieza Forest - Institute of Forest Sciences\" \/>\n<meta property=\"og:description\" content=\"Bia\u0142owie\u017ca Forest State Forest Bia\u0142owie\u017ca National Park &nbsp; Forest Research Institute Mammal Research Institute Polishwi\u0119cej\" \/>\n<meta property=\"og:url\" content=\"https:\/\/wb.pb.edu.pl\/inl-en\/region-of-bialowieza-forest\/\" \/>\n<meta property=\"og:site_name\" content=\"Institute of Forest Sciences\" \/>\n<meta property=\"article:modified_time\" content=\"2019-10-14T20:46:53+00:00\" \/>\n<meta name=\"twitter:card\" content=\"summary_large_image\" \/>\n<script type=\"application\/ld+json\" class=\"yoast-schema-graph\">{\"@context\":\"https:\/\/schema.org\",\"@graph\":[{\"@type\":\"WebPage\",\"@id\":\"https:\/\/wb.pb.edu.pl\/inl-en\/region-of-bialowieza-forest\/\",\"url\":\"https:\/\/wb.pb.edu.pl\/inl-en\/region-of-bialowieza-forest\/\",\"name\":\"Region of Bia\u0142owieza Forest - Institute of Forest Sciences\",\"isPartOf\":{\"@id\":\"https:\/\/wb.pb.edu.pl\/inl-en\/#website\"},\"datePublished\":\"2019-10-14T20:12:11+00:00\",\"dateModified\":\"2019-10-14T20:46:53+00:00\",\"breadcrumb\":{\"@id\":\"https:\/\/wb.pb.edu.pl\/inl-en\/region-of-bialowieza-forest\/#breadcrumb\"},\"inLanguage\":\"en-GB\",\"potentialAction\":[{\"@type\":\"ReadAction\",\"target\":[\"https:\/\/wb.pb.edu.pl\/inl-en\/region-of-bialowieza-forest\/\"]}]},{\"@type\":\"BreadcrumbList\",\"@id\":\"https:\/\/wb.pb.edu.pl\/inl-en\/region-of-bialowieza-forest\/#breadcrumb\",\"itemListElement\":[{\"@type\":\"ListItem\",\"position\":1,\"name\":\"Strona g\u0142\u00f3wna\",\"item\":\"https:\/\/wb.pb.edu.pl\/inl-en\/\"},{\"@type\":\"ListItem\",\"position\":2,\"name\":\"Region of Bia\u0142owieza Forest\"}]},{\"@type\":\"WebSite\",\"@id\":\"https:\/\/wb.pb.edu.pl\/inl-en\/#website\",\"url\":\"https:\/\/wb.pb.edu.pl\/inl-en\/\",\"name\":\"Institute of Forest Sciences\",\"description\":\"\",\"potentialAction\":[{\"@type\":\"SearchAction\",\"target\":{\"@type\":\"EntryPoint\",\"urlTemplate\":\"https:\/\/wb.pb.edu.pl\/inl-en\/?s={search_term_string}\"},\"query-input\":{\"@type\":\"PropertyValueSpecification\",\"valueRequired\":true,\"valueName\":\"search_term_string\"}}],\"inLanguage\":\"en-GB\"}]}<\/script>\n<!-- \/ Yoast SEO plugin. -->","yoast_head_json":{"title":"Region of Bia\u0142owieza Forest - Institute of Forest Sciences","robots":{"index":"index","follow":"follow","max-snippet":"max-snippet:-1","max-image-preview":"max-image-preview:large","max-video-preview":"max-video-preview:-1"},"canonical":"https:\/\/wb.pb.edu.pl\/inl-en\/region-of-bialowieza-forest\/","og_locale":"en_GB","og_type":"article","og_title":"Region of Bia\u0142owieza Forest - Institute of Forest Sciences","og_description":"Bia\u0142owie\u017ca Forest State Forest Bia\u0142owie\u017ca National Park &nbsp; Forest Research Institute Mammal Research Institute Polishwi\u0119cej","og_url":"https:\/\/wb.pb.edu.pl\/inl-en\/region-of-bialowieza-forest\/","og_site_name":"Institute of Forest Sciences","article_modified_time":"2019-10-14T20:46:53+00:00","twitter_card":"summary_large_image","schema":{"@context":"https:\/\/schema.org","@graph":[{"@type":"WebPage","@id":"https:\/\/wb.pb.edu.pl\/inl-en\/region-of-bialowieza-forest\/","url":"https:\/\/wb.pb.edu.pl\/inl-en\/region-of-bialowieza-forest\/","name":"Region of Bia\u0142owieza Forest - Institute of Forest Sciences","isPartOf":{"@id":"https:\/\/wb.pb.edu.pl\/inl-en\/#website"},"datePublished":"2019-10-14T20:12:11+00:00","dateModified":"2019-10-14T20:46:53+00:00","breadcrumb":{"@id":"https:\/\/wb.pb.edu.pl\/inl-en\/region-of-bialowieza-forest\/#breadcrumb"},"inLanguage":"en-GB","potentialAction":[{"@type":"ReadAction","target":["https:\/\/wb.pb.edu.pl\/inl-en\/region-of-bialowieza-forest\/"]}]},{"@type":"BreadcrumbList","@id":"https:\/\/wb.pb.edu.pl\/inl-en\/region-of-bialowieza-forest\/#breadcrumb","itemListElement":[{"@type":"ListItem","position":1,"name":"Strona g\u0142\u00f3wna","item":"https:\/\/wb.pb.edu.pl\/inl-en\/"},{"@type":"ListItem","position":2,"name":"Region of Bia\u0142owieza Forest"}]},{"@type":"WebSite","@id":"https:\/\/wb.pb.edu.pl\/inl-en\/#website","url":"https:\/\/wb.pb.edu.pl\/inl-en\/","name":"Institute of Forest Sciences","description":"","potentialAction":[{"@type":"SearchAction","target":{"@type":"EntryPoint","urlTemplate":"https:\/\/wb.pb.edu.pl\/inl-en\/?s={search_term_string}"},"query-input":{"@type":"PropertyValueSpecification","valueRequired":true,"valueName":"search_term_string"}}],"inLanguage":"en-GB"}]}},"_links":{"self":[{"href":"https:\/\/wb.pb.edu.pl\/inl-en\/wp-json\/wp\/v2\/pages\/42","targetHints":{"allow":["GET"]}}],"collection":[{"href":"https:\/\/wb.pb.edu.pl\/inl-en\/wp-json\/wp\/v2\/pages"}],"about":[{"href":"https:\/\/wb.pb.edu.pl\/inl-en\/wp-json\/wp\/v2\/types\/page"}],"author":[{"embeddable":true,"href":"https:\/\/wb.pb.edu.pl\/inl-en\/wp-json\/wp\/v2\/users\/3"}],"replies":[{"embeddable":true,"href":"https:\/\/wb.pb.edu.pl\/inl-en\/wp-json\/wp\/v2\/comments?post=42"}],"version-history":[{"count":2,"href":"https:\/\/wb.pb.edu.pl\/inl-en\/wp-json\/wp\/v2\/pages\/42\/revisions"}],"predecessor-version":[{"id":85,"href":"https:\/\/wb.pb.edu.pl\/inl-en\/wp-json\/wp\/v2\/pages\/42\/revisions\/85"}],"wp:attachment":[{"href":"https:\/\/wb.pb.edu.pl\/inl-en\/wp-json\/wp\/v2\/media?parent=42"}],"curies":[{"name":"wp","href":"https:\/\/api.w.org\/{rel}","templated":true}]}}