{"id":112,"date":"2019-10-07T20:51:09","date_gmt":"2019-10-07T18:51:09","guid":{"rendered":"https:\/\/wb.pb.edu.pl\/inl\/?page_id=112"},"modified":"2019-10-07T23:30:39","modified_gmt":"2019-10-07T21:30:39","slug":"wspolpraca-miedzynarodowa","status":"publish","type":"page","link":"https:\/\/wb.pb.edu.pl\/inl\/wspolpraca\/wspolpraca-miedzynarodowa\/","title":{"rendered":"Wsp\u00f3\u0142praca mi\u0119dzynarodowa"},"content":{"rendered":"<p>Instytut Nauk Le\u015bnych PB prowadzi aktywn\u0105 mi\u0119dzynarodow\u0105 wsp\u00f3\u0142prac\u0119 naukow\u0105. Na podstawie podpisanych wieloletnich um\u00f3w, wsp\u00f3\u0142praca prowadzona jest zar\u00f3wno z partnerami z Europy, jak i instytucjami z USA.<br \/>\nPartnerami zagranicznymi s\u0105: Uniwersytet na Rzecz Zr\u00f3wnowa\u017conego Rozwoju w Eberswalde (Niemcy), Uniwersytet Mississippi (USA), Uniwersytet w Houston-Downtown (USA), Narodowe Centrum Produkt\u00f3w Naturalnych (USA), Bia\u0142oruski Pa\u0144stwowy Uniwersytet Technologiczny w Mi\u0144sku (Bia\u0142oru\u015b), Instytut Lasu Bia\u0142oruskiej Akademii Nauk (Bia\u0142oru\u015b), Instytut Botaniki Eksperymentalnej im. W. F. Kuprevivha Bia\u0142oruskiej Akademii Nauk (Bia\u0142oru\u015b), Permski Uniwersytet Pa\u0144stwowy (Rosja), Instytut Lasu w Pietrozawodzku (Rosja).<\/p>\n<h2>Partnerzy zagraniczni Instytutu Nauk Le\u015bnych PB to m.in.:<\/h2>\n<ul>\n<li><a href=\"http:\/\/olemiss.edu\/projects\/pharmacy\/enewsletters\/2016\/january\/2.html\">The University of Mississippi (USA)<\/a><\/li>\n<li>University of Houston (USA)<\/li>\n<li>Eberswalde University for Sustainable Development (Niemcy)<\/li>\n<li>Belarusian State Technological University (Bia\u0142oru\u015b)<\/li>\n<li>Perm State University (Rosja)<\/li>\n<li><span class=\"st\">Institute of Forest of the NAS of Belarus in Gomel (Bia\u0142oru\u015b) <\/span><\/li>\n<li><span class=\"st\">Instytut Lasu w Pietrozawodzku (Rosja) <\/span><\/li>\n<li><span class=\"st\">Lower Oder Valley National Park (Niemcy)<\/span><\/li>\n<\/ul>\n<p>&nbsp;<\/p>\n","protected":false},"excerpt":{"rendered":"<p>Instytut Nauk Le\u015bnych PB prowadzi aktywn\u0105 mi\u0119dzynarodow\u0105 wsp\u00f3\u0142prac\u0119 naukow\u0105. Na podstawie podpisanych wieloletnich um\u00f3w, wsp\u00f3\u0142praca<a class=\"read-more\" href=\"https:\/\/wb.pb.edu.pl\/inl\/wspolpraca\/wspolpraca-miedzynarodowa\/\" title=\"Poka\u017c artyku\u0142 Wsp\u00f3\u0142praca mi\u0119dzynarodowa\">wi\u0119cej<\/a><\/p>\n","protected":false},"author":3,"featured_media":0,"parent":106,"menu_order":3,"comment_status":"closed","ping_status":"closed","template":"","meta":{"inline_featured_image":false,"ngg_post_thumbnail":0,"footnotes":""},"class_list":["post-112","page","type-page","status-publish","hentry"],"acf":[],"yoast_head":"<!-- This site is optimized with the Yoast SEO plugin v26.4 - https:\/\/yoast.com\/wordpress\/plugins\/seo\/ -->\n<title>Instytut Nauk Le\u015bnych WBiNo\u015a PB - Wsp\u00f3\u0142praca mi\u0119dzynarodowa<\/title>\n<meta name=\"description\" content=\"Instytut Nauk Le\u015bnych PB prowadzi aktywn\u0105 mi\u0119dzynarodow\u0105 wsp\u00f3\u0142prac\u0119 naukow\u0105. Na podstawie podpisanych wieloletnich um\u00f3w, wsp\u00f3\u0142praca prowadzona jest\" \/>\n<meta name=\"robots\" content=\"index, follow, max-snippet:-1, max-image-preview:large, max-video-preview:-1\" \/>\n<link rel=\"canonical\" href=\"https:\/\/wb.pb.edu.pl\/inl\/wspolpraca\/wspolpraca-miedzynarodowa\/\" \/>\n<meta name=\"twitter:label1\" content=\"Szacowany czas czytania\" \/>\n\t<meta name=\"twitter:data1\" content=\"1 minuta\" \/>\n<script type=\"application\/ld+json\" class=\"yoast-schema-graph\">{\"@context\":\"https:\/\/schema.org\",\"@graph\":[{\"@type\":\"WebPage\",\"@id\":\"https:\/\/wb.pb.edu.pl\/inl\/wspolpraca\/wspolpraca-miedzynarodowa\/\",\"url\":\"https:\/\/wb.pb.edu.pl\/inl\/wspolpraca\/wspolpraca-miedzynarodowa\/\",\"name\":\"Instytut Nauk Le\u015bnych WBiNo\u015a PB - Wsp\u00f3\u0142praca mi\u0119dzynarodowa\",\"isPartOf\":{\"@id\":\"https:\/\/wb.pb.edu.pl\/inl\/#website\"},\"datePublished\":\"2019-10-07T18:51:09+00:00\",\"dateModified\":\"2019-10-07T21:30:39+00:00\",\"description\":\"Instytut Nauk Le\u015bnych PB prowadzi aktywn\u0105 mi\u0119dzynarodow\u0105 wsp\u00f3\u0142prac\u0119 naukow\u0105. Na podstawie podpisanych wieloletnich um\u00f3w, wsp\u00f3\u0142praca prowadzona jest\",\"breadcrumb\":{\"@id\":\"https:\/\/wb.pb.edu.pl\/inl\/wspolpraca\/wspolpraca-miedzynarodowa\/#breadcrumb\"},\"inLanguage\":\"pl-PL\",\"potentialAction\":[{\"@type\":\"ReadAction\",\"target\":[\"https:\/\/wb.pb.edu.pl\/inl\/wspolpraca\/wspolpraca-miedzynarodowa\/\"]}]},{\"@type\":\"BreadcrumbList\",\"@id\":\"https:\/\/wb.pb.edu.pl\/inl\/wspolpraca\/wspolpraca-miedzynarodowa\/#breadcrumb\",\"itemListElement\":[{\"@type\":\"ListItem\",\"position\":1,\"name\":\"Strona g\u0142\u00f3wna\",\"item\":\"https:\/\/wb.pb.edu.pl\/inl\/\"},{\"@type\":\"ListItem\",\"position\":2,\"name\":\"Wsp\u00f3\u0142praca\",\"item\":\"https:\/\/wb.pb.edu.pl\/inl\/wspolpraca\/\"},{\"@type\":\"ListItem\",\"position\":3,\"name\":\"Wsp\u00f3\u0142praca mi\u0119dzynarodowa\"}]},{\"@type\":\"WebSite\",\"@id\":\"https:\/\/wb.pb.edu.pl\/inl\/#website\",\"url\":\"https:\/\/wb.pb.edu.pl\/inl\/\",\"name\":\"Instytut Nauk Le\u015bnych\",\"description\":\"Kolejna witryna sieci \u201eWB Witryn\u201d\",\"potentialAction\":[{\"@type\":\"SearchAction\",\"target\":{\"@type\":\"EntryPoint\",\"urlTemplate\":\"https:\/\/wb.pb.edu.pl\/inl\/?s={search_term_string}\"},\"query-input\":{\"@type\":\"PropertyValueSpecification\",\"valueRequired\":true,\"valueName\":\"search_term_string\"}}],\"inLanguage\":\"pl-PL\"}]}<\/script>\n<!-- \/ Yoast SEO plugin. -->","yoast_head_json":{"title":"Instytut Nauk Le\u015bnych WBiNo\u015a PB - Wsp\u00f3\u0142praca mi\u0119dzynarodowa","description":"Instytut Nauk Le\u015bnych PB prowadzi aktywn\u0105 mi\u0119dzynarodow\u0105 wsp\u00f3\u0142prac\u0119 naukow\u0105. Na podstawie podpisanych wieloletnich um\u00f3w, wsp\u00f3\u0142praca prowadzona jest","robots":{"index":"index","follow":"follow","max-snippet":"max-snippet:-1","max-image-preview":"max-image-preview:large","max-video-preview":"max-video-preview:-1"},"canonical":"https:\/\/wb.pb.edu.pl\/inl\/wspolpraca\/wspolpraca-miedzynarodowa\/","twitter_misc":{"Szacowany czas czytania":"1 minuta"},"schema":{"@context":"https:\/\/schema.org","@graph":[{"@type":"WebPage","@id":"https:\/\/wb.pb.edu.pl\/inl\/wspolpraca\/wspolpraca-miedzynarodowa\/","url":"https:\/\/wb.pb.edu.pl\/inl\/wspolpraca\/wspolpraca-miedzynarodowa\/","name":"Instytut Nauk Le\u015bnych WBiNo\u015a PB - Wsp\u00f3\u0142praca mi\u0119dzynarodowa","isPartOf":{"@id":"https:\/\/wb.pb.edu.pl\/inl\/#website"},"datePublished":"2019-10-07T18:51:09+00:00","dateModified":"2019-10-07T21:30:39+00:00","description":"Instytut Nauk Le\u015bnych PB prowadzi aktywn\u0105 mi\u0119dzynarodow\u0105 wsp\u00f3\u0142prac\u0119 naukow\u0105. Na podstawie podpisanych wieloletnich um\u00f3w, wsp\u00f3\u0142praca prowadzona jest","breadcrumb":{"@id":"https:\/\/wb.pb.edu.pl\/inl\/wspolpraca\/wspolpraca-miedzynarodowa\/#breadcrumb"},"inLanguage":"pl-PL","potentialAction":[{"@type":"ReadAction","target":["https:\/\/wb.pb.edu.pl\/inl\/wspolpraca\/wspolpraca-miedzynarodowa\/"]}]},{"@type":"BreadcrumbList","@id":"https:\/\/wb.pb.edu.pl\/inl\/wspolpraca\/wspolpraca-miedzynarodowa\/#breadcrumb","itemListElement":[{"@type":"ListItem","position":1,"name":"Strona g\u0142\u00f3wna","item":"https:\/\/wb.pb.edu.pl\/inl\/"},{"@type":"ListItem","position":2,"name":"Wsp\u00f3\u0142praca","item":"https:\/\/wb.pb.edu.pl\/inl\/wspolpraca\/"},{"@type":"ListItem","position":3,"name":"Wsp\u00f3\u0142praca mi\u0119dzynarodowa"}]},{"@type":"WebSite","@id":"https:\/\/wb.pb.edu.pl\/inl\/#website","url":"https:\/\/wb.pb.edu.pl\/inl\/","name":"Instytut Nauk Le\u015bnych","description":"Kolejna witryna sieci \u201eWB Witryn\u201d","potentialAction":[{"@type":"SearchAction","target":{"@type":"EntryPoint","urlTemplate":"https:\/\/wb.pb.edu.pl\/inl\/?s={search_term_string}"},"query-input":{"@type":"PropertyValueSpecification","valueRequired":true,"valueName":"search_term_string"}}],"inLanguage":"pl-PL"}]}},"_links":{"self":[{"href":"https:\/\/wb.pb.edu.pl\/inl\/wp-json\/wp\/v2\/pages\/112","targetHints":{"allow":["GET"]}}],"collection":[{"href":"https:\/\/wb.pb.edu.pl\/inl\/wp-json\/wp\/v2\/pages"}],"about":[{"href":"https:\/\/wb.pb.edu.pl\/inl\/wp-json\/wp\/v2\/types\/page"}],"author":[{"embeddable":true,"href":"https:\/\/wb.pb.edu.pl\/inl\/wp-json\/wp\/v2\/users\/3"}],"replies":[{"embeddable":true,"href":"https:\/\/wb.pb.edu.pl\/inl\/wp-json\/wp\/v2\/comments?post=112"}],"version-history":[{"count":4,"href":"https:\/\/wb.pb.edu.pl\/inl\/wp-json\/wp\/v2\/pages\/112\/revisions"}],"predecessor-version":[{"id":195,"href":"https:\/\/wb.pb.edu.pl\/inl\/wp-json\/wp\/v2\/pages\/112\/revisions\/195"}],"up":[{"embeddable":true,"href":"https:\/\/wb.pb.edu.pl\/inl\/wp-json\/wp\/v2\/pages\/106"}],"wp:attachment":[{"href":"https:\/\/wb.pb.edu.pl\/inl\/wp-json\/wp\/v2\/media?parent=112"}],"curies":[{"name":"wp","href":"https:\/\/api.w.org\/{rel}","templated":true}]}}