{"id":162,"date":"2019-10-07T22:06:35","date_gmt":"2019-10-07T20:06:35","guid":{"rendered":"https:\/\/wb.pb.edu.pl\/inl\/?page_id=162"},"modified":"2019-10-07T22:06:35","modified_gmt":"2019-10-07T20:06:35","slug":"wspolpraca-z-instytucjami","status":"publish","type":"page","link":"https:\/\/wb.pb.edu.pl\/inl\/wspolpraca\/firmy-i-instytucje\/wspolpraca-z-instytucjami\/","title":{"rendered":"Wsp\u00f3\u0142praca z instytucjami"},"content":{"rendered":"<p>Zamiejscowy Wydzia\u0142 Le\u015bny Politechniki Bia\u0142ostockiej wsp\u00f3\u0142pracuje z wieloma instytucjami krajowymi. S\u0105 w\u015br\u00f3d nich:<\/p>\n<ul>\n<li>Regionalna Dyrekcja Las\u00f3w Pa\u0144stwowych w Bia\u0142ymstoku,<\/li>\n<li>Regionalna Dyrekcja Las\u00f3w Pa\u0144stwowych w Gda\u0144sku,<\/li>\n<li>Nadle\u015bnictwa: Hajn\u00f3wka, Supra\u015bl, Dojlidy, Browsk, \u017bednia i inne<\/li>\n<li>Instytut Biologii Ssak\u00f3w PAN<\/li>\n<li>Bia\u0142owieski Park Narodowy<\/li>\n<li>Park Krajobrazowy Puszczy Knyszy\u0144skiej<\/li>\n<li>Instytut Badawczy Le\u015bnictwa<\/li>\n<li>Instytut Nowych Syntez Chemicznych<\/li>\n<li>Uniwersytet w Bia\u0142ymstoku<\/li>\n<li>Uniwersytet Medyczny w Bia\u0142ymstoku<\/li>\n<li>Instytut Biochemii i Biofizyki PAN<\/li>\n<li>Instytut Kronenberga &#8211; Fundacja Przysz\u0142o\u015bci Obszar\u00f3w Chronionych<\/li>\n<li>Instytut Innowacji i Technologii Politechniki Bia\u0142ostockiej Sp. z o.o.<\/li>\n<\/ul>\n<p>&nbsp;<\/p>\n","protected":false},"excerpt":{"rendered":"<p>Zamiejscowy Wydzia\u0142 Le\u015bny Politechniki Bia\u0142ostockiej wsp\u00f3\u0142pracuje z wieloma instytucjami krajowymi. S\u0105 w\u015br\u00f3d nich: Regionalna Dyrekcja<a class=\"read-more\" href=\"https:\/\/wb.pb.edu.pl\/inl\/wspolpraca\/firmy-i-instytucje\/wspolpraca-z-instytucjami\/\" title=\"Poka\u017c artyku\u0142 Wsp\u00f3\u0142praca z instytucjami\">wi\u0119cej<\/a><\/p>\n","protected":false},"author":3,"featured_media":0,"parent":110,"menu_order":2,"comment_status":"closed","ping_status":"closed","template":"","meta":{"inline_featured_image":false,"ngg_post_thumbnail":0,"footnotes":""},"class_list":["post-162","page","type-page","status-publish","hentry"],"acf":[],"yoast_head":"<!-- This site is optimized with the Yoast SEO plugin v26.4 - https:\/\/yoast.com\/wordpress\/plugins\/seo\/ -->\n<title>Instytut Nauk Le\u015bnych WBiNo\u015a PB - Wsp\u00f3\u0142praca z instytucjami<\/title>\n<meta name=\"description\" content=\"Zamiejscowy Wydzia\u0142 Le\u015bny Politechniki Bia\u0142ostockiej wsp\u00f3\u0142pracuje z wieloma instytucjami krajowymi. S\u0105 w\u015br\u00f3d nich: Regionalna Dyrekcja Las\u00f3w Pa\u0144stwowych w\" \/>\n<meta name=\"robots\" content=\"index, follow, max-snippet:-1, max-image-preview:large, max-video-preview:-1\" \/>\n<link rel=\"canonical\" href=\"https:\/\/wb.pb.edu.pl\/inl\/wspolpraca\/firmy-i-instytucje\/wspolpraca-z-instytucjami\/\" \/>\n<meta name=\"twitter:label1\" content=\"Szacowany czas czytania\" \/>\n\t<meta name=\"twitter:data1\" content=\"1 minuta\" \/>\n<script type=\"application\/ld+json\" class=\"yoast-schema-graph\">{\"@context\":\"https:\/\/schema.org\",\"@graph\":[{\"@type\":\"WebPage\",\"@id\":\"https:\/\/wb.pb.edu.pl\/inl\/wspolpraca\/firmy-i-instytucje\/wspolpraca-z-instytucjami\/\",\"url\":\"https:\/\/wb.pb.edu.pl\/inl\/wspolpraca\/firmy-i-instytucje\/wspolpraca-z-instytucjami\/\",\"name\":\"Instytut Nauk Le\u015bnych WBiNo\u015a PB - Wsp\u00f3\u0142praca z instytucjami\",\"isPartOf\":{\"@id\":\"https:\/\/wb.pb.edu.pl\/inl\/#website\"},\"datePublished\":\"2019-10-07T20:06:35+00:00\",\"description\":\"Zamiejscowy Wydzia\u0142 Le\u015bny Politechniki Bia\u0142ostockiej wsp\u00f3\u0142pracuje z wieloma instytucjami krajowymi. S\u0105 w\u015br\u00f3d nich: Regionalna Dyrekcja Las\u00f3w Pa\u0144stwowych w\",\"breadcrumb\":{\"@id\":\"https:\/\/wb.pb.edu.pl\/inl\/wspolpraca\/firmy-i-instytucje\/wspolpraca-z-instytucjami\/#breadcrumb\"},\"inLanguage\":\"pl-PL\",\"potentialAction\":[{\"@type\":\"ReadAction\",\"target\":[\"https:\/\/wb.pb.edu.pl\/inl\/wspolpraca\/firmy-i-instytucje\/wspolpraca-z-instytucjami\/\"]}]},{\"@type\":\"BreadcrumbList\",\"@id\":\"https:\/\/wb.pb.edu.pl\/inl\/wspolpraca\/firmy-i-instytucje\/wspolpraca-z-instytucjami\/#breadcrumb\",\"itemListElement\":[{\"@type\":\"ListItem\",\"position\":1,\"name\":\"Strona g\u0142\u00f3wna\",\"item\":\"https:\/\/wb.pb.edu.pl\/inl\/\"},{\"@type\":\"ListItem\",\"position\":2,\"name\":\"Wsp\u00f3\u0142praca\",\"item\":\"https:\/\/wb.pb.edu.pl\/inl\/wspolpraca\/\"},{\"@type\":\"ListItem\",\"position\":3,\"name\":\"Firmy i instytucje\",\"item\":\"https:\/\/wb.pb.edu.pl\/inl\/wspolpraca\/firmy-i-instytucje\/\"},{\"@type\":\"ListItem\",\"position\":4,\"name\":\"Wsp\u00f3\u0142praca z instytucjami\"}]},{\"@type\":\"WebSite\",\"@id\":\"https:\/\/wb.pb.edu.pl\/inl\/#website\",\"url\":\"https:\/\/wb.pb.edu.pl\/inl\/\",\"name\":\"Instytut Nauk Le\u015bnych\",\"description\":\"Kolejna witryna sieci \u201eWB Witryn\u201d\",\"potentialAction\":[{\"@type\":\"SearchAction\",\"target\":{\"@type\":\"EntryPoint\",\"urlTemplate\":\"https:\/\/wb.pb.edu.pl\/inl\/?s={search_term_string}\"},\"query-input\":{\"@type\":\"PropertyValueSpecification\",\"valueRequired\":true,\"valueName\":\"search_term_string\"}}],\"inLanguage\":\"pl-PL\"}]}<\/script>\n<!-- \/ Yoast SEO plugin. -->","yoast_head_json":{"title":"Instytut Nauk Le\u015bnych WBiNo\u015a PB - Wsp\u00f3\u0142praca z instytucjami","description":"Zamiejscowy Wydzia\u0142 Le\u015bny Politechniki Bia\u0142ostockiej wsp\u00f3\u0142pracuje z wieloma instytucjami krajowymi. S\u0105 w\u015br\u00f3d nich: Regionalna Dyrekcja Las\u00f3w Pa\u0144stwowych w","robots":{"index":"index","follow":"follow","max-snippet":"max-snippet:-1","max-image-preview":"max-image-preview:large","max-video-preview":"max-video-preview:-1"},"canonical":"https:\/\/wb.pb.edu.pl\/inl\/wspolpraca\/firmy-i-instytucje\/wspolpraca-z-instytucjami\/","twitter_misc":{"Szacowany czas czytania":"1 minuta"},"schema":{"@context":"https:\/\/schema.org","@graph":[{"@type":"WebPage","@id":"https:\/\/wb.pb.edu.pl\/inl\/wspolpraca\/firmy-i-instytucje\/wspolpraca-z-instytucjami\/","url":"https:\/\/wb.pb.edu.pl\/inl\/wspolpraca\/firmy-i-instytucje\/wspolpraca-z-instytucjami\/","name":"Instytut Nauk Le\u015bnych WBiNo\u015a PB - Wsp\u00f3\u0142praca z instytucjami","isPartOf":{"@id":"https:\/\/wb.pb.edu.pl\/inl\/#website"},"datePublished":"2019-10-07T20:06:35+00:00","description":"Zamiejscowy Wydzia\u0142 Le\u015bny Politechniki Bia\u0142ostockiej wsp\u00f3\u0142pracuje z wieloma instytucjami krajowymi. S\u0105 w\u015br\u00f3d nich: Regionalna Dyrekcja Las\u00f3w Pa\u0144stwowych w","breadcrumb":{"@id":"https:\/\/wb.pb.edu.pl\/inl\/wspolpraca\/firmy-i-instytucje\/wspolpraca-z-instytucjami\/#breadcrumb"},"inLanguage":"pl-PL","potentialAction":[{"@type":"ReadAction","target":["https:\/\/wb.pb.edu.pl\/inl\/wspolpraca\/firmy-i-instytucje\/wspolpraca-z-instytucjami\/"]}]},{"@type":"BreadcrumbList","@id":"https:\/\/wb.pb.edu.pl\/inl\/wspolpraca\/firmy-i-instytucje\/wspolpraca-z-instytucjami\/#breadcrumb","itemListElement":[{"@type":"ListItem","position":1,"name":"Strona g\u0142\u00f3wna","item":"https:\/\/wb.pb.edu.pl\/inl\/"},{"@type":"ListItem","position":2,"name":"Wsp\u00f3\u0142praca","item":"https:\/\/wb.pb.edu.pl\/inl\/wspolpraca\/"},{"@type":"ListItem","position":3,"name":"Firmy i instytucje","item":"https:\/\/wb.pb.edu.pl\/inl\/wspolpraca\/firmy-i-instytucje\/"},{"@type":"ListItem","position":4,"name":"Wsp\u00f3\u0142praca z instytucjami"}]},{"@type":"WebSite","@id":"https:\/\/wb.pb.edu.pl\/inl\/#website","url":"https:\/\/wb.pb.edu.pl\/inl\/","name":"Instytut Nauk Le\u015bnych","description":"Kolejna witryna sieci \u201eWB Witryn\u201d","potentialAction":[{"@type":"SearchAction","target":{"@type":"EntryPoint","urlTemplate":"https:\/\/wb.pb.edu.pl\/inl\/?s={search_term_string}"},"query-input":{"@type":"PropertyValueSpecification","valueRequired":true,"valueName":"search_term_string"}}],"inLanguage":"pl-PL"}]}},"_links":{"self":[{"href":"https:\/\/wb.pb.edu.pl\/inl\/wp-json\/wp\/v2\/pages\/162","targetHints":{"allow":["GET"]}}],"collection":[{"href":"https:\/\/wb.pb.edu.pl\/inl\/wp-json\/wp\/v2\/pages"}],"about":[{"href":"https:\/\/wb.pb.edu.pl\/inl\/wp-json\/wp\/v2\/types\/page"}],"author":[{"embeddable":true,"href":"https:\/\/wb.pb.edu.pl\/inl\/wp-json\/wp\/v2\/users\/3"}],"replies":[{"embeddable":true,"href":"https:\/\/wb.pb.edu.pl\/inl\/wp-json\/wp\/v2\/comments?post=162"}],"version-history":[{"count":1,"href":"https:\/\/wb.pb.edu.pl\/inl\/wp-json\/wp\/v2\/pages\/162\/revisions"}],"predecessor-version":[{"id":163,"href":"https:\/\/wb.pb.edu.pl\/inl\/wp-json\/wp\/v2\/pages\/162\/revisions\/163"}],"up":[{"embeddable":true,"href":"https:\/\/wb.pb.edu.pl\/inl\/wp-json\/wp\/v2\/pages\/110"}],"wp:attachment":[{"href":"https:\/\/wb.pb.edu.pl\/inl\/wp-json\/wp\/v2\/media?parent=162"}],"curies":[{"name":"wp","href":"https:\/\/api.w.org\/{rel}","templated":true}]}}