{"id":56,"date":"2019-10-04T21:33:36","date_gmt":"2019-10-04T19:33:36","guid":{"rendered":"https:\/\/wb.pb.edu.pl\/inl\/?page_id=56"},"modified":"2019-10-07T20:42:41","modified_gmt":"2019-10-07T18:42:41","slug":"projekty-badawcze","status":"publish","type":"page","link":"https:\/\/wb.pb.edu.pl\/inl\/nauka-i-badania\/projekty-badawcze\/","title":{"rendered":"Projekty badawcze"},"content":{"rendered":"<ul>\n<li>Od 2017 roku w ramach konkursu Opus 12,&nbsp;panel NZ7, prof. dr&nbsp;hab. Walerij Isidorow realizuje projekt badawczy na temat: &#8222;<em><strong>Badania nad&nbsp;sk\u0142adem chemicznym i&nbsp;mechanizmami dzia\u0142ania przeciwnowotworowego ekstrakt\u00f3w z&nbsp;p\u0105czk\u00f3w brzozy bia\u0142ej i&nbsp;wyizolowanych z&nbsp;nich substancji<\/strong><\/em><em>\u201d<\/em>.<\/li>\n<\/ul>\n<p>Celem projektu jest szczeg\u00f3\u0142owe oznaczanie sk\u0142adu chemicznego p\u0105czk\u00f3w brzozy brodawkowatej i&nbsp;brzozy omszonej, a&nbsp;tak\u017ce badania zawartych w&nbsp;nich substancji, szczeg\u00f3lnie w&nbsp;kierunku aktywno\u015bci przeciwnowotworowej. Nowatorski charakter projektu polega przede wszystkim na&nbsp;oznaczaniu sk\u0142adu chemicznego szerokiego kr\u0119gu metabolit\u00f3w: jak&nbsp;najbardziej lotnych, wydzielanych p\u0105kami do&nbsp;fazy gazowej, jak i&nbsp;\u015brednio lotnych (g\u0142\u00f3wnie terpenoidy), ma\u0142o lotnych (flawonoidy) i&nbsp;nielotnych. Ostatnia grupa pierwotnych (cukry, t\u0142uszcze) i&nbsp;wt\u00f3rnych (alkohole i&nbsp;kwasy cukrowe, glikozydy i&nbsp;proantocyanidyny) metabolit\u00f3w p\u0105czk\u00f3w brz\u00f3z dotychczas nie&nbsp;by\u0142a badana.<\/p>\n<p>&nbsp;<\/p>\n<ul>\n<li>Od 2015 roku pracownicy Zamiejscowego Wydzia\u0142u Le\u015bnego PB prowadz\u0105 badania w ramach mi\u0119dzynarodowego projektu \u201e<em><strong>Study of Species Interactions in Unique Ecosystem, Bialowieza Forest<\/strong>\u201d<\/em>.<\/li>\n<\/ul>\n<p>Projekt realizowany jest we wsp\u00f3\u0142pracy z Uniwersytetem Mississippi (USA) i dotyczy bada\u0144 r\u00f3\u017cnorodno\u015bci biologicznej oraz interakcji zachodz\u0105cych w unikatowym \u015brodowisku ro\u015blin, grzyb\u00f3w i porost\u00f3w wyst\u0119puj\u0105cych w Puszczy Bia\u0142owieskiej. Ten grant naukowy finansowany jest przez National Science Foundation (NSF). Wsp\u00f3\u0142praca pomi\u0119dzy uczelniami w tym zakresie trwa od 2013 roku.<\/p>\n<p>&nbsp;<\/p>\n<ul>\n<li>W latach 2013-2015 pracownicy i studenci wydzia\u0142u uczestniczyli w realizacji mi\u0119dzynarodowego projektu naukowego <em><strong>Polish \u2013 Belarusian \u2013 Germany Trilateral Summer Academy<\/strong><\/em>, b\u0119d\u0105cego efektem wsp\u00f3\u0142pracy mi\u0119dzy trzema parkami narodowymi: Valley National Park (Brandenburgia, Niemcy), Bia\u0142owieskim Parkiem Narodowym (Polska) i Belovezshskaya Pushcha (Bia\u0142oru\u015b) oraz trzema uczelniami partnerskimi: Zamiejscowym Wydzia\u0142em Le\u015bnym Politechniki Bia\u0142ostockiej w Hajn\u00f3wce (ZWL PB), Bia\u0142oruskim Pa\u0144stwowym Uniwersytetem Technologicznym w Mi\u0144sku (BGTU) i Uniwersytetem Zr\u00f3wnowa\u017conego Rozwoju w&nbsp;Eberswalde (HNEE).<\/li>\n<\/ul>\n<p>G\u0142\u00f3wnym celem projektu by\u0142o przybli\u017cenie problematyki zarz\u0105dzania obszarami przyrodniczo cennymi na przyk\u0142adzie funkcjonowania park\u00f3w narodowych oraz analiza wymiaru spo\u0142eczno-gospodarczego w zarz\u0105dzaniu obszarami chronionymi. Tematyka Summer Academy obejmowa\u0142a r\u00f3wnie\u017c znaczenie us\u0142ug ekosystemowych, koncepcje zarz\u0105dzania obszarami chronionymi na szczeblu krajowym, europejskim i mi\u0119dzynarodowym (IUCN), ekoturystyk\u0119 oraz wyzwania, przed jakimi stoj\u0105 obecnie obszary chronione. W&nbsp;programie uj\u0119to tak\u017ce aspekty zmian klimatycznych, jako jedne z obecnych wyzwa\u0144 w ochronie przyrody. Na podstawie uzyskanych informacji z bada\u0144 kameralnych, terenowych oraz laboratoryjnych, starano si\u0119 przedstawi\u0107 mo\u017cliwo\u015bci wspierania zarz\u0105dzania obszarami park\u00f3w narodowych w wielu aspektach, od wymiaru przyrodniczego po spo\u0142eczny.<\/p>\n<p>&nbsp;<\/p>\n","protected":false},"excerpt":{"rendered":"<p>Od 2017 roku w ramach konkursu Opus 12,&nbsp;panel NZ7, prof. dr&nbsp;hab. Walerij Isidorow realizuje projekt<a class=\"read-more\" href=\"https:\/\/wb.pb.edu.pl\/inl\/nauka-i-badania\/projekty-badawcze\/\" title=\"Poka\u017c artyku\u0142 Projekty badawcze\">wi\u0119cej<\/a><\/p>\n","protected":false},"author":3,"featured_media":0,"parent":99,"menu_order":2,"comment_status":"closed","ping_status":"closed","template":"","meta":{"inline_featured_image":false,"ngg_post_thumbnail":0,"footnotes":""},"class_list":["post-56","page","type-page","status-publish","hentry"],"acf":[],"yoast_head":"<!-- This site is optimized with the Yoast SEO plugin v26.4 - https:\/\/yoast.com\/wordpress\/plugins\/seo\/ -->\n<title>Instytut Nauk Le\u015bnych WBiNo\u015a PB - Projekty badawcze<\/title>\n<meta name=\"description\" content=\"Od 2017 roku w ramach konkursu Opus 12,&nbsp;panel NZ7, prof. dr&nbsp;hab. Walerij Isidorow realizuje projekt badawczy na temat: &quot;Badania nad&nbsp;sk\u0142adem\" \/>\n<meta name=\"robots\" content=\"index, follow, max-snippet:-1, max-image-preview:large, max-video-preview:-1\" \/>\n<link rel=\"canonical\" href=\"https:\/\/wb.pb.edu.pl\/inl\/nauka-i-badania\/projekty-badawcze\/\" \/>\n<meta name=\"twitter:label1\" content=\"Szacowany czas czytania\" \/>\n\t<meta name=\"twitter:data1\" content=\"2 minuty\" \/>\n<script type=\"application\/ld+json\" class=\"yoast-schema-graph\">{\"@context\":\"https:\/\/schema.org\",\"@graph\":[{\"@type\":\"WebPage\",\"@id\":\"https:\/\/wb.pb.edu.pl\/inl\/nauka-i-badania\/projekty-badawcze\/\",\"url\":\"https:\/\/wb.pb.edu.pl\/inl\/nauka-i-badania\/projekty-badawcze\/\",\"name\":\"Instytut Nauk Le\u015bnych WBiNo\u015a PB - Projekty badawcze\",\"isPartOf\":{\"@id\":\"https:\/\/wb.pb.edu.pl\/inl\/#website\"},\"datePublished\":\"2019-10-04T19:33:36+00:00\",\"dateModified\":\"2019-10-07T18:42:41+00:00\",\"description\":\"Od 2017 roku w ramach konkursu Opus 12,&nbsp;panel NZ7, prof. dr&nbsp;hab. Walerij Isidorow realizuje projekt badawczy na temat: \\\"Badania nad&nbsp;sk\u0142adem\",\"breadcrumb\":{\"@id\":\"https:\/\/wb.pb.edu.pl\/inl\/nauka-i-badania\/projekty-badawcze\/#breadcrumb\"},\"inLanguage\":\"pl-PL\",\"potentialAction\":[{\"@type\":\"ReadAction\",\"target\":[\"https:\/\/wb.pb.edu.pl\/inl\/nauka-i-badania\/projekty-badawcze\/\"]}]},{\"@type\":\"BreadcrumbList\",\"@id\":\"https:\/\/wb.pb.edu.pl\/inl\/nauka-i-badania\/projekty-badawcze\/#breadcrumb\",\"itemListElement\":[{\"@type\":\"ListItem\",\"position\":1,\"name\":\"Strona g\u0142\u00f3wna\",\"item\":\"https:\/\/wb.pb.edu.pl\/inl\/\"},{\"@type\":\"ListItem\",\"position\":2,\"name\":\"Nauka i badania\",\"item\":\"https:\/\/wb.pb.edu.pl\/inl\/nauka-i-badania\/\"},{\"@type\":\"ListItem\",\"position\":3,\"name\":\"Projekty badawcze\"}]},{\"@type\":\"WebSite\",\"@id\":\"https:\/\/wb.pb.edu.pl\/inl\/#website\",\"url\":\"https:\/\/wb.pb.edu.pl\/inl\/\",\"name\":\"Instytut Nauk Le\u015bnych\",\"description\":\"Kolejna witryna sieci \u201eWB Witryn\u201d\",\"potentialAction\":[{\"@type\":\"SearchAction\",\"target\":{\"@type\":\"EntryPoint\",\"urlTemplate\":\"https:\/\/wb.pb.edu.pl\/inl\/?s={search_term_string}\"},\"query-input\":{\"@type\":\"PropertyValueSpecification\",\"valueRequired\":true,\"valueName\":\"search_term_string\"}}],\"inLanguage\":\"pl-PL\"}]}<\/script>\n<!-- \/ Yoast SEO plugin. -->","yoast_head_json":{"title":"Instytut Nauk Le\u015bnych WBiNo\u015a PB - Projekty badawcze","description":"Od 2017 roku w ramach konkursu Opus 12,&nbsp;panel NZ7, prof. dr&nbsp;hab. Walerij Isidorow realizuje projekt badawczy na temat: \"Badania nad&nbsp;sk\u0142adem","robots":{"index":"index","follow":"follow","max-snippet":"max-snippet:-1","max-image-preview":"max-image-preview:large","max-video-preview":"max-video-preview:-1"},"canonical":"https:\/\/wb.pb.edu.pl\/inl\/nauka-i-badania\/projekty-badawcze\/","twitter_misc":{"Szacowany czas czytania":"2 minuty"},"schema":{"@context":"https:\/\/schema.org","@graph":[{"@type":"WebPage","@id":"https:\/\/wb.pb.edu.pl\/inl\/nauka-i-badania\/projekty-badawcze\/","url":"https:\/\/wb.pb.edu.pl\/inl\/nauka-i-badania\/projekty-badawcze\/","name":"Instytut Nauk Le\u015bnych WBiNo\u015a PB - Projekty badawcze","isPartOf":{"@id":"https:\/\/wb.pb.edu.pl\/inl\/#website"},"datePublished":"2019-10-04T19:33:36+00:00","dateModified":"2019-10-07T18:42:41+00:00","description":"Od 2017 roku w ramach konkursu Opus 12,&nbsp;panel NZ7, prof. dr&nbsp;hab. Walerij Isidorow realizuje projekt badawczy na temat: \"Badania nad&nbsp;sk\u0142adem","breadcrumb":{"@id":"https:\/\/wb.pb.edu.pl\/inl\/nauka-i-badania\/projekty-badawcze\/#breadcrumb"},"inLanguage":"pl-PL","potentialAction":[{"@type":"ReadAction","target":["https:\/\/wb.pb.edu.pl\/inl\/nauka-i-badania\/projekty-badawcze\/"]}]},{"@type":"BreadcrumbList","@id":"https:\/\/wb.pb.edu.pl\/inl\/nauka-i-badania\/projekty-badawcze\/#breadcrumb","itemListElement":[{"@type":"ListItem","position":1,"name":"Strona g\u0142\u00f3wna","item":"https:\/\/wb.pb.edu.pl\/inl\/"},{"@type":"ListItem","position":2,"name":"Nauka i badania","item":"https:\/\/wb.pb.edu.pl\/inl\/nauka-i-badania\/"},{"@type":"ListItem","position":3,"name":"Projekty badawcze"}]},{"@type":"WebSite","@id":"https:\/\/wb.pb.edu.pl\/inl\/#website","url":"https:\/\/wb.pb.edu.pl\/inl\/","name":"Instytut Nauk Le\u015bnych","description":"Kolejna witryna sieci \u201eWB Witryn\u201d","potentialAction":[{"@type":"SearchAction","target":{"@type":"EntryPoint","urlTemplate":"https:\/\/wb.pb.edu.pl\/inl\/?s={search_term_string}"},"query-input":{"@type":"PropertyValueSpecification","valueRequired":true,"valueName":"search_term_string"}}],"inLanguage":"pl-PL"}]}},"_links":{"self":[{"href":"https:\/\/wb.pb.edu.pl\/inl\/wp-json\/wp\/v2\/pages\/56","targetHints":{"allow":["GET"]}}],"collection":[{"href":"https:\/\/wb.pb.edu.pl\/inl\/wp-json\/wp\/v2\/pages"}],"about":[{"href":"https:\/\/wb.pb.edu.pl\/inl\/wp-json\/wp\/v2\/types\/page"}],"author":[{"embeddable":true,"href":"https:\/\/wb.pb.edu.pl\/inl\/wp-json\/wp\/v2\/users\/3"}],"replies":[{"embeddable":true,"href":"https:\/\/wb.pb.edu.pl\/inl\/wp-json\/wp\/v2\/comments?post=56"}],"version-history":[{"count":1,"href":"https:\/\/wb.pb.edu.pl\/inl\/wp-json\/wp\/v2\/pages\/56\/revisions"}],"predecessor-version":[{"id":57,"href":"https:\/\/wb.pb.edu.pl\/inl\/wp-json\/wp\/v2\/pages\/56\/revisions\/57"}],"up":[{"embeddable":true,"href":"https:\/\/wb.pb.edu.pl\/inl\/wp-json\/wp\/v2\/pages\/99"}],"wp:attachment":[{"href":"https:\/\/wb.pb.edu.pl\/inl\/wp-json\/wp\/v2\/media?parent=56"}],"curies":[{"name":"wp","href":"https:\/\/api.w.org\/{rel}","templated":true}]}}