{"id":146,"date":"2025-02-12T20:06:53","date_gmt":"2025-02-12T19:06:53","guid":{"rendered":"https:\/\/wb.pb.edu.pl\/konferencja-iise\/?page_id=146"},"modified":"2025-02-12T20:23:38","modified_gmt":"2025-02-12T19:23:38","slug":"dla-uczestnikow","status":"publish","type":"page","link":"https:\/\/wb.pb.edu.pl\/konferencja-iise\/dla-uczestnikow\/","title":{"rendered":"Dla uczestnik\u00f3w"},"content":{"rendered":"<p><strong>Konferencja bran\u017cowa nt. Wyzwania, innowacje i perspektywy rozwoju w in\u017cynierii \u015brodowiska<\/strong> jest skierowana do:<\/p>\n<ul>\n<li>przedsi\u0119biorstw wodoci\u0105gowych,<\/li>\n<li>naukowc\u00f3w,<\/li>\n<li>badaczy i student\u00f3w specjalizuj\u0105cych si\u0119 w in\u017cynierii \u015brodowiska i zarz\u0105dzaniu wodami,<\/li>\n<li>instytucji zwi\u0105zanych z ochron\u0105 \u015brodowiska,<\/li>\n<li>ekspert\u00f3w ds. gospodarki wodno-\u015bciekowej i ochrony \u015brodowiska<\/li>\n<li>przedstawicieli firm zajmuj\u0105cych si\u0119 budow\u0105, modernizacj\u0105 i utrzymaniem infrastruktury wodoci\u0105gowo-kanalizacyjnej,<\/li>\n<li>dostawc\u00f3w technologii i innowacyjnych rozwi\u0105za\u0144.<\/li>\n<\/ul>\n","protected":false},"excerpt":{"rendered":"<p>Konferencja bran\u017cowa nt. Wyzwania, innowacje i perspektywy rozwoju w in\u017cynierii \u015brodowiska jest skierowana do: przedsi\u0119biorstw<a class=\"read-more\" href=\"https:\/\/wb.pb.edu.pl\/konferencja-iise\/dla-uczestnikow\/\" title=\"Poka\u017c artyku\u0142 Dla uczestnik\u00f3w\">wi\u0119cej<\/a><\/p>\n","protected":false},"author":3,"featured_media":0,"parent":0,"menu_order":2,"comment_status":"closed","ping_status":"closed","template":"","meta":{"inline_featured_image":false,"ngg_post_thumbnail":0,"footnotes":""},"class_list":["post-146","page","type-page","status-publish","hentry"],"acf":[],"yoast_head":"<!-- This site is optimized with the Yoast SEO plugin v26.4 - https:\/\/yoast.com\/wordpress\/plugins\/seo\/ -->\n<title>Dla uczestnik\u00f3w - Wyzwania, innowacje i perspektywy rozwoju w in\u017cynierii \u015brodowiska<\/title>\n<meta name=\"robots\" content=\"index, follow, max-snippet:-1, max-image-preview:large, max-video-preview:-1\" \/>\n<link rel=\"canonical\" href=\"https:\/\/wb.pb.edu.pl\/konferencja-iise\/dla-uczestnikow\/\" \/>\n<meta property=\"og:locale\" content=\"pl_PL\" \/>\n<meta property=\"og:type\" content=\"article\" \/>\n<meta property=\"og:title\" content=\"Dla uczestnik\u00f3w - Wyzwania, innowacje i perspektywy rozwoju w in\u017cynierii \u015brodowiska\" \/>\n<meta property=\"og:description\" content=\"Konferencja bran\u017cowa nt. Wyzwania, innowacje i perspektywy rozwoju w in\u017cynierii \u015brodowiska jest skierowana do: przedsi\u0119biorstwwi\u0119cej\" \/>\n<meta property=\"og:url\" content=\"https:\/\/wb.pb.edu.pl\/konferencja-iise\/dla-uczestnikow\/\" \/>\n<meta property=\"og:site_name\" content=\"Wyzwania, innowacje i perspektywy rozwoju w in\u017cynierii \u015brodowiska\" \/>\n<meta property=\"article:modified_time\" content=\"2025-02-12T19:23:38+00:00\" \/>\n<meta name=\"twitter:card\" content=\"summary_large_image\" \/>\n<meta name=\"twitter:label1\" content=\"Szacowany czas czytania\" \/>\n\t<meta name=\"twitter:data1\" content=\"1 minuta\" \/>\n<script type=\"application\/ld+json\" class=\"yoast-schema-graph\">{\"@context\":\"https:\/\/schema.org\",\"@graph\":[{\"@type\":\"WebPage\",\"@id\":\"https:\/\/wb.pb.edu.pl\/konferencja-iise\/dla-uczestnikow\/\",\"url\":\"https:\/\/wb.pb.edu.pl\/konferencja-iise\/dla-uczestnikow\/\",\"name\":\"Dla uczestnik\u00f3w - Wyzwania, innowacje i perspektywy rozwoju w in\u017cynierii \u015brodowiska\",\"isPartOf\":{\"@id\":\"https:\/\/wb.pb.edu.pl\/konferencja-iise\/#website\"},\"datePublished\":\"2025-02-12T19:06:53+00:00\",\"dateModified\":\"2025-02-12T19:23:38+00:00\",\"breadcrumb\":{\"@id\":\"https:\/\/wb.pb.edu.pl\/konferencja-iise\/dla-uczestnikow\/#breadcrumb\"},\"inLanguage\":\"pl-PL\",\"potentialAction\":[{\"@type\":\"ReadAction\",\"target\":[\"https:\/\/wb.pb.edu.pl\/konferencja-iise\/dla-uczestnikow\/\"]}]},{\"@type\":\"BreadcrumbList\",\"@id\":\"https:\/\/wb.pb.edu.pl\/konferencja-iise\/dla-uczestnikow\/#breadcrumb\",\"itemListElement\":[{\"@type\":\"ListItem\",\"position\":1,\"name\":\"Strona g\u0142\u00f3wna\",\"item\":\"https:\/\/wb.pb.edu.pl\/konferencja-iise\/\"},{\"@type\":\"ListItem\",\"position\":2,\"name\":\"Dla uczestnik\u00f3w\"}]},{\"@type\":\"WebSite\",\"@id\":\"https:\/\/wb.pb.edu.pl\/konferencja-iise\/#website\",\"url\":\"https:\/\/wb.pb.edu.pl\/konferencja-iise\/\",\"name\":\"Wyzwania, innowacje i perspektywy rozwoju w in\u017cynierii \u015brodowiska\",\"description\":\"\",\"potentialAction\":[{\"@type\":\"SearchAction\",\"target\":{\"@type\":\"EntryPoint\",\"urlTemplate\":\"https:\/\/wb.pb.edu.pl\/konferencja-iise\/?s={search_term_string}\"},\"query-input\":{\"@type\":\"PropertyValueSpecification\",\"valueRequired\":true,\"valueName\":\"search_term_string\"}}],\"inLanguage\":\"pl-PL\"}]}<\/script>\n<!-- \/ Yoast SEO plugin. -->","yoast_head_json":{"title":"Dla uczestnik\u00f3w - Wyzwania, innowacje i perspektywy rozwoju w in\u017cynierii \u015brodowiska","robots":{"index":"index","follow":"follow","max-snippet":"max-snippet:-1","max-image-preview":"max-image-preview:large","max-video-preview":"max-video-preview:-1"},"canonical":"https:\/\/wb.pb.edu.pl\/konferencja-iise\/dla-uczestnikow\/","og_locale":"pl_PL","og_type":"article","og_title":"Dla uczestnik\u00f3w - Wyzwania, innowacje i perspektywy rozwoju w in\u017cynierii \u015brodowiska","og_description":"Konferencja bran\u017cowa nt. Wyzwania, innowacje i perspektywy rozwoju w in\u017cynierii \u015brodowiska jest skierowana do: przedsi\u0119biorstwwi\u0119cej","og_url":"https:\/\/wb.pb.edu.pl\/konferencja-iise\/dla-uczestnikow\/","og_site_name":"Wyzwania, innowacje i perspektywy rozwoju w in\u017cynierii \u015brodowiska","article_modified_time":"2025-02-12T19:23:38+00:00","twitter_card":"summary_large_image","twitter_misc":{"Szacowany czas czytania":"1 minuta"},"schema":{"@context":"https:\/\/schema.org","@graph":[{"@type":"WebPage","@id":"https:\/\/wb.pb.edu.pl\/konferencja-iise\/dla-uczestnikow\/","url":"https:\/\/wb.pb.edu.pl\/konferencja-iise\/dla-uczestnikow\/","name":"Dla uczestnik\u00f3w - Wyzwania, innowacje i perspektywy rozwoju w in\u017cynierii \u015brodowiska","isPartOf":{"@id":"https:\/\/wb.pb.edu.pl\/konferencja-iise\/#website"},"datePublished":"2025-02-12T19:06:53+00:00","dateModified":"2025-02-12T19:23:38+00:00","breadcrumb":{"@id":"https:\/\/wb.pb.edu.pl\/konferencja-iise\/dla-uczestnikow\/#breadcrumb"},"inLanguage":"pl-PL","potentialAction":[{"@type":"ReadAction","target":["https:\/\/wb.pb.edu.pl\/konferencja-iise\/dla-uczestnikow\/"]}]},{"@type":"BreadcrumbList","@id":"https:\/\/wb.pb.edu.pl\/konferencja-iise\/dla-uczestnikow\/#breadcrumb","itemListElement":[{"@type":"ListItem","position":1,"name":"Strona g\u0142\u00f3wna","item":"https:\/\/wb.pb.edu.pl\/konferencja-iise\/"},{"@type":"ListItem","position":2,"name":"Dla uczestnik\u00f3w"}]},{"@type":"WebSite","@id":"https:\/\/wb.pb.edu.pl\/konferencja-iise\/#website","url":"https:\/\/wb.pb.edu.pl\/konferencja-iise\/","name":"Wyzwania, innowacje i perspektywy rozwoju w in\u017cynierii \u015brodowiska","description":"","potentialAction":[{"@type":"SearchAction","target":{"@type":"EntryPoint","urlTemplate":"https:\/\/wb.pb.edu.pl\/konferencja-iise\/?s={search_term_string}"},"query-input":{"@type":"PropertyValueSpecification","valueRequired":true,"valueName":"search_term_string"}}],"inLanguage":"pl-PL"}]}},"_links":{"self":[{"href":"https:\/\/wb.pb.edu.pl\/konferencja-iise\/wp-json\/wp\/v2\/pages\/146","targetHints":{"allow":["GET"]}}],"collection":[{"href":"https:\/\/wb.pb.edu.pl\/konferencja-iise\/wp-json\/wp\/v2\/pages"}],"about":[{"href":"https:\/\/wb.pb.edu.pl\/konferencja-iise\/wp-json\/wp\/v2\/types\/page"}],"author":[{"embeddable":true,"href":"https:\/\/wb.pb.edu.pl\/konferencja-iise\/wp-json\/wp\/v2\/users\/3"}],"replies":[{"embeddable":true,"href":"https:\/\/wb.pb.edu.pl\/konferencja-iise\/wp-json\/wp\/v2\/comments?post=146"}],"version-history":[{"count":3,"href":"https:\/\/wb.pb.edu.pl\/konferencja-iise\/wp-json\/wp\/v2\/pages\/146\/revisions"}],"predecessor-version":[{"id":168,"href":"https:\/\/wb.pb.edu.pl\/konferencja-iise\/wp-json\/wp\/v2\/pages\/146\/revisions\/168"}],"wp:attachment":[{"href":"https:\/\/wb.pb.edu.pl\/konferencja-iise\/wp-json\/wp\/v2\/media?parent=146"}],"curies":[{"name":"wp","href":"https:\/\/api.w.org\/{rel}","templated":true}]}}