{"id":21,"date":"2024-04-15T20:40:11","date_gmt":"2024-04-15T18:40:11","guid":{"rendered":"https:\/\/wb.pb.edu.pl\/mppl\/?page_id=21"},"modified":"2026-03-03T12:21:32","modified_gmt":"2026-03-03T11:21:32","slug":"strona-glowna","status":"publish","type":"page","link":"https:\/\/wb.pb.edu.pl\/mppl\/","title":{"rendered":""},"content":{"rendered":"<div class=\"img-full\">\n<p><img decoding=\"async\" src=\"https:\/\/wb.pb.edu.pl\/mppl\/wp-content\/uploads\/sites\/9\/2026\/01\/home-baner.jpg\" alt=\"las z lotu ptaka\"><\/p>\n<div class=\"img-full-text\">\n<div class=\"img-full-title\">Konferencja<\/div>\n<div class=\"img-full-pb\">\u201eM\u0142odzi a przysz\u0142o\u015b\u0107 polskich las\u00f3w\u201d<\/div>\n<div class=\"img-full-button2\">03 marzec 2026 r.<\/div>\n<p>Politechnika Bia\u0142ostocka<br \/>\nCentrum Naukowo-Badawcze<br \/>\nInstytutu Nauk Le\u015bnych<\/p>\n<\/div>\n<\/div>\n<p>&nbsp;<\/p>\n<div class=\"row\">\n<div class=\"col-sm-4 text-center\"><a class=\"button\" style=\"width: 100%;padding: 0px 5px 10px 5px\" href=\"\/mppl\/o-konferencji\/\"><img loading=\"lazy\" decoding=\"async\" class=\"aligncenter size-full wp-image-211\" src=\"https:\/\/wb.pb.edu.pl\/mppl\/wp-content\/uploads\/sites\/9\/2026\/01\/box1-konferencja.jpg\" alt=\"wyk\u0142adowca prowadzi wyk\u0142ad\" width=\"800\" height=\"533\" srcset=\"https:\/\/wb.pb.edu.pl\/mppl\/wp-content\/uploads\/sites\/9\/2026\/01\/box1-konferencja.jpg 800w, https:\/\/wb.pb.edu.pl\/mppl\/wp-content\/uploads\/sites\/9\/2026\/01\/box1-konferencja-300x200.jpg 300w, https:\/\/wb.pb.edu.pl\/mppl\/wp-content\/uploads\/sites\/9\/2026\/01\/box1-konferencja-768x512.jpg 768w, https:\/\/wb.pb.edu.pl\/mppl\/wp-content\/uploads\/sites\/9\/2026\/01\/box1-konferencja-480x320.jpg 480w\" sizes=\"auto, (max-width: 800px) 100vw, 800px\" \/><span class=\"lead\">O konferencji<\/span><\/a><\/div>\n<div class=\"col-sm-4 text-center\"><a class=\"button\" style=\"width: 100%;padding: 0px 5px 10px 5px\" href=\"https:\/\/wb.pb.edu.pl\/2026\/03\/03\/rozpoczelismy-pierwsza-edycje-konferencji-mlodzi-a-przyszlosc-polskich-lasow\/\"><img loading=\"lazy\" decoding=\"async\" class=\"aligncenter size-full wp-image-212\" src=\"https:\/\/wb.pb.edu.pl\/mppl\/wp-content\/uploads\/sites\/9\/2026\/01\/rejestracja-box.jpg\" alt=\"ro\u015blinka w piasku trzymana w d\u0142oniach\" width=\"800\" height=\"533\" srcset=\"https:\/\/wb.pb.edu.pl\/mppl\/wp-content\/uploads\/sites\/9\/2026\/01\/rejestracja-box.jpg 800w, https:\/\/wb.pb.edu.pl\/mppl\/wp-content\/uploads\/sites\/9\/2026\/01\/rejestracja-box-300x200.jpg 300w, https:\/\/wb.pb.edu.pl\/mppl\/wp-content\/uploads\/sites\/9\/2026\/01\/rejestracja-box-768x512.jpg 768w, https:\/\/wb.pb.edu.pl\/mppl\/wp-content\/uploads\/sites\/9\/2026\/01\/rejestracja-box-480x320.jpg 480w\" sizes=\"auto, (max-width: 800px) 100vw, 800px\" \/><span class=\"lead\">Relacja<\/span><\/a><\/div>\n<div class=\"col-sm-4 text-center\"><a class=\"button\" style=\"width: 100%;padding: 0px 5px 10px 5px\" href=\"\/mppl\/kontakt\/\"><img loading=\"lazy\" decoding=\"async\" class=\"aligncenter size-full wp-image-213\" src=\"https:\/\/wb.pb.edu.pl\/mppl\/wp-content\/uploads\/sites\/9\/2026\/01\/kontakt-box.jpg\" alt=\"kartka z globem\" width=\"800\" height=\"533\" srcset=\"https:\/\/wb.pb.edu.pl\/mppl\/wp-content\/uploads\/sites\/9\/2026\/01\/kontakt-box.jpg 800w, https:\/\/wb.pb.edu.pl\/mppl\/wp-content\/uploads\/sites\/9\/2026\/01\/kontakt-box-300x200.jpg 300w, https:\/\/wb.pb.edu.pl\/mppl\/wp-content\/uploads\/sites\/9\/2026\/01\/kontakt-box-768x512.jpg 768w, https:\/\/wb.pb.edu.pl\/mppl\/wp-content\/uploads\/sites\/9\/2026\/01\/kontakt-box-480x320.jpg 480w\" sizes=\"auto, (max-width: 800px) 100vw, 800px\" \/><span class=\"lead\">Kontakt<\/span><\/a><\/div>\n<\/div>\n<div class=\"h1 text-center hidden-element\"><span style=\"font-size: 24pt\">Organizatorzy<\/span><\/div>\n<p><img loading=\"lazy\" decoding=\"async\" class=\"aligncenter wp-image-302 size-full\" src=\"https:\/\/wb.pb.edu.pl\/mppl\/wp-content\/uploads\/sites\/9\/2026\/01\/Rysunek1a.jpg\" alt=\"Loga organizator\u00f3w\" width=\"799\" height=\"150\"><br \/>\n&nbsp;<\/p>\n<div class=\"h1 text-center hidden-element\"><span style=\"font-size: 24pt\">Partnerzy<\/span><\/div>\n<p><img loading=\"lazy\" decoding=\"async\" class=\"aligncenter wp-image-503 size-full\" src=\"https:\/\/wb.pb.edu.pl\/mppl\/wp-content\/uploads\/sites\/9\/2026\/02\/partnerzy-3-1.png\" alt=\"\" width=\"900\" height=\"150\" srcset=\"https:\/\/wb.pb.edu.pl\/mppl\/wp-content\/uploads\/sites\/9\/2026\/02\/partnerzy-3-1.png 900w, https:\/\/wb.pb.edu.pl\/mppl\/wp-content\/uploads\/sites\/9\/2026\/02\/partnerzy-3-1-300x50.png 300w, https:\/\/wb.pb.edu.pl\/mppl\/wp-content\/uploads\/sites\/9\/2026\/02\/partnerzy-3-1-768x128.png 768w\" sizes=\"auto, (max-width: 900px) 100vw, 900px\" \/><br \/>\n&nbsp;<\/p>\n<div class=\"h1 text-center hidden-element\"><span style=\"font-size: 24pt\">Patronat medialny<\/span><\/div>\n<p><img loading=\"lazy\" decoding=\"async\" class=\"aligncenter wp-image-489 size-full\" src=\"https:\/\/wb.pb.edu.pl\/mppl\/wp-content\/uploads\/sites\/9\/2026\/02\/medialny800x100.jpg\" alt=\"\" width=\"800\" height=\"100\" srcset=\"https:\/\/wb.pb.edu.pl\/mppl\/wp-content\/uploads\/sites\/9\/2026\/02\/medialny800x100.jpg 800w, https:\/\/wb.pb.edu.pl\/mppl\/wp-content\/uploads\/sites\/9\/2026\/02\/medialny800x100-300x38.jpg 300w, https:\/\/wb.pb.edu.pl\/mppl\/wp-content\/uploads\/sites\/9\/2026\/02\/medialny800x100-768x96.jpg 768w\" sizes=\"auto, (max-width: 800px) 100vw, 800px\" \/><\/p>\n","protected":false},"excerpt":{"rendered":"<p>Konferencja \u201eM\u0142odzi a przysz\u0142o\u015b\u0107 polskich las\u00f3w\u201d 03 marzec 2026 r. Politechnika Bia\u0142ostocka Centrum Naukowo-Badawcze Instytutu<a class=\"read-more\" href=\"https:\/\/wb.pb.edu.pl\/mppl\/\" title=\"Poka\u017c artyku\u0142 \">wi\u0119cej<\/a><\/p>\n","protected":false},"author":3,"featured_media":0,"parent":0,"menu_order":1,"comment_status":"closed","ping_status":"closed","template":"","meta":{"inline_featured_image":false,"ngg_post_thumbnail":0,"footnotes":""},"class_list":["post-21","page","type-page","status-publish","hentry"],"acf":[],"yoast_head":"<!-- This site is optimized with the Yoast SEO plugin v26.4 - https:\/\/yoast.com\/wordpress\/plugins\/seo\/ -->\n<title>Konferencji \u201eM\u0142odzi a przysz\u0142o\u015b\u0107 polskich las\u00f3w\u201d<\/title>\n<meta name=\"description\" content=\"Konferencja organizowana przez ko\u0142a naukowe Instytutu Nauk Le\u015bnych na Wydziale Budownictwa i Nauk o \u015arodowisku\" \/>\n<meta name=\"robots\" content=\"index, follow, max-snippet:-1, max-image-preview:large, max-video-preview:-1\" \/>\n<link rel=\"canonical\" href=\"https:\/\/wb.pb.edu.pl\/mppl\/\" \/>\n<meta property=\"og:locale\" content=\"pl_PL\" \/>\n<meta property=\"og:type\" content=\"article\" \/>\n<meta property=\"og:title\" content=\"Konferencji \u201eM\u0142odzi a przysz\u0142o\u015b\u0107 polskich las\u00f3w\u201d\" \/>\n<meta property=\"og:description\" content=\"Konferencja organizowana przez ko\u0142a naukowe Instytutu Nauk Le\u015bnych na Wydziale Budownictwa i Nauk o \u015arodowisku\" \/>\n<meta property=\"og:url\" content=\"https:\/\/wb.pb.edu.pl\/mppl\/\" \/>\n<meta property=\"og:site_name\" content=\"Konferencja \u201eM\u0142odzi a przysz\u0142o\u015b\u0107 polskich las\u00f3w\u201d\" \/>\n<meta property=\"article:modified_time\" content=\"2026-03-03T11:21:32+00:00\" \/>\n<meta property=\"og:image\" content=\"https:\/\/wb.pb.edu.pl\/mppl\/wp-content\/uploads\/sites\/9\/2026\/01\/home-baner.jpg\" \/>\n<meta name=\"twitter:card\" content=\"summary_large_image\" \/>\n<meta name=\"twitter:label1\" content=\"Szacowany czas czytania\" \/>\n\t<meta name=\"twitter:data1\" content=\"2 minuty\" \/>\n<script type=\"application\/ld+json\" class=\"yoast-schema-graph\">{\"@context\":\"https:\/\/schema.org\",\"@graph\":[{\"@type\":\"WebPage\",\"@id\":\"https:\/\/wb.pb.edu.pl\/mppl\/\",\"url\":\"https:\/\/wb.pb.edu.pl\/mppl\/\",\"name\":\"Konferencji \u201eM\u0142odzi a przysz\u0142o\u015b\u0107 polskich las\u00f3w\u201d\",\"isPartOf\":{\"@id\":\"https:\/\/wb.pb.edu.pl\/mppl\/#website\"},\"primaryImageOfPage\":{\"@id\":\"https:\/\/wb.pb.edu.pl\/mppl\/#primaryimage\"},\"image\":{\"@id\":\"https:\/\/wb.pb.edu.pl\/mppl\/#primaryimage\"},\"thumbnailUrl\":\"https:\/\/wb.pb.edu.pl\/mppl\/wp-content\/uploads\/sites\/9\/2026\/01\/home-baner.jpg\",\"datePublished\":\"2024-04-15T18:40:11+00:00\",\"dateModified\":\"2026-03-03T11:21:32+00:00\",\"description\":\"Konferencja organizowana przez ko\u0142a naukowe Instytutu Nauk Le\u015bnych na Wydziale Budownictwa i Nauk o \u015arodowisku\",\"inLanguage\":\"pl-PL\",\"potentialAction\":[{\"@type\":\"ReadAction\",\"target\":[\"https:\/\/wb.pb.edu.pl\/mppl\/\"]}]},{\"@type\":\"ImageObject\",\"inLanguage\":\"pl-PL\",\"@id\":\"https:\/\/wb.pb.edu.pl\/mppl\/#primaryimage\",\"url\":\"https:\/\/wb.pb.edu.pl\/mppl\/wp-content\/uploads\/sites\/9\/2026\/01\/home-baner.jpg\",\"contentUrl\":\"https:\/\/wb.pb.edu.pl\/mppl\/wp-content\/uploads\/sites\/9\/2026\/01\/home-baner.jpg\",\"width\":1920,\"height\":590,\"caption\":\"las z lotu ptaka\"},{\"@type\":\"WebSite\",\"@id\":\"https:\/\/wb.pb.edu.pl\/mppl\/#website\",\"url\":\"https:\/\/wb.pb.edu.pl\/mppl\/\",\"name\":\"Konferencja \u201eM\u0142odzi a przysz\u0142o\u015b\u0107 polskich las\u00f3w\u201d\",\"description\":\"\",\"potentialAction\":[{\"@type\":\"SearchAction\",\"target\":{\"@type\":\"EntryPoint\",\"urlTemplate\":\"https:\/\/wb.pb.edu.pl\/mppl\/?s={search_term_string}\"},\"query-input\":{\"@type\":\"PropertyValueSpecification\",\"valueRequired\":true,\"valueName\":\"search_term_string\"}}],\"inLanguage\":\"pl-PL\"}]}<\/script>\n<!-- \/ Yoast SEO plugin. -->","yoast_head_json":{"title":"Konferencji \u201eM\u0142odzi a przysz\u0142o\u015b\u0107 polskich las\u00f3w\u201d","description":"Konferencja organizowana przez ko\u0142a naukowe Instytutu Nauk Le\u015bnych na Wydziale Budownictwa i Nauk o \u015arodowisku","robots":{"index":"index","follow":"follow","max-snippet":"max-snippet:-1","max-image-preview":"max-image-preview:large","max-video-preview":"max-video-preview:-1"},"canonical":"https:\/\/wb.pb.edu.pl\/mppl\/","og_locale":"pl_PL","og_type":"article","og_title":"Konferencji \u201eM\u0142odzi a przysz\u0142o\u015b\u0107 polskich las\u00f3w\u201d","og_description":"Konferencja organizowana przez ko\u0142a naukowe Instytutu Nauk Le\u015bnych na Wydziale Budownictwa i Nauk o \u015arodowisku","og_url":"https:\/\/wb.pb.edu.pl\/mppl\/","og_site_name":"Konferencja \u201eM\u0142odzi a przysz\u0142o\u015b\u0107 polskich las\u00f3w\u201d","article_modified_time":"2026-03-03T11:21:32+00:00","og_image":[{"url":"https:\/\/wb.pb.edu.pl\/mppl\/wp-content\/uploads\/sites\/9\/2026\/01\/home-baner.jpg","type":"","width":"","height":""}],"twitter_card":"summary_large_image","twitter_misc":{"Szacowany czas czytania":"2 minuty"},"schema":{"@context":"https:\/\/schema.org","@graph":[{"@type":"WebPage","@id":"https:\/\/wb.pb.edu.pl\/mppl\/","url":"https:\/\/wb.pb.edu.pl\/mppl\/","name":"Konferencji \u201eM\u0142odzi a przysz\u0142o\u015b\u0107 polskich las\u00f3w\u201d","isPartOf":{"@id":"https:\/\/wb.pb.edu.pl\/mppl\/#website"},"primaryImageOfPage":{"@id":"https:\/\/wb.pb.edu.pl\/mppl\/#primaryimage"},"image":{"@id":"https:\/\/wb.pb.edu.pl\/mppl\/#primaryimage"},"thumbnailUrl":"https:\/\/wb.pb.edu.pl\/mppl\/wp-content\/uploads\/sites\/9\/2026\/01\/home-baner.jpg","datePublished":"2024-04-15T18:40:11+00:00","dateModified":"2026-03-03T11:21:32+00:00","description":"Konferencja organizowana przez ko\u0142a naukowe Instytutu Nauk Le\u015bnych na Wydziale Budownictwa i Nauk o \u015arodowisku","inLanguage":"pl-PL","potentialAction":[{"@type":"ReadAction","target":["https:\/\/wb.pb.edu.pl\/mppl\/"]}]},{"@type":"ImageObject","inLanguage":"pl-PL","@id":"https:\/\/wb.pb.edu.pl\/mppl\/#primaryimage","url":"https:\/\/wb.pb.edu.pl\/mppl\/wp-content\/uploads\/sites\/9\/2026\/01\/home-baner.jpg","contentUrl":"https:\/\/wb.pb.edu.pl\/mppl\/wp-content\/uploads\/sites\/9\/2026\/01\/home-baner.jpg","width":1920,"height":590,"caption":"las z lotu ptaka"},{"@type":"WebSite","@id":"https:\/\/wb.pb.edu.pl\/mppl\/#website","url":"https:\/\/wb.pb.edu.pl\/mppl\/","name":"Konferencja \u201eM\u0142odzi a przysz\u0142o\u015b\u0107 polskich las\u00f3w\u201d","description":"","potentialAction":[{"@type":"SearchAction","target":{"@type":"EntryPoint","urlTemplate":"https:\/\/wb.pb.edu.pl\/mppl\/?s={search_term_string}"},"query-input":{"@type":"PropertyValueSpecification","valueRequired":true,"valueName":"search_term_string"}}],"inLanguage":"pl-PL"}]}},"_links":{"self":[{"href":"https:\/\/wb.pb.edu.pl\/mppl\/wp-json\/wp\/v2\/pages\/21","targetHints":{"allow":["GET"]}}],"collection":[{"href":"https:\/\/wb.pb.edu.pl\/mppl\/wp-json\/wp\/v2\/pages"}],"about":[{"href":"https:\/\/wb.pb.edu.pl\/mppl\/wp-json\/wp\/v2\/types\/page"}],"author":[{"embeddable":true,"href":"https:\/\/wb.pb.edu.pl\/mppl\/wp-json\/wp\/v2\/users\/3"}],"replies":[{"embeddable":true,"href":"https:\/\/wb.pb.edu.pl\/mppl\/wp-json\/wp\/v2\/comments?post=21"}],"version-history":[{"count":38,"href":"https:\/\/wb.pb.edu.pl\/mppl\/wp-json\/wp\/v2\/pages\/21\/revisions"}],"predecessor-version":[{"id":518,"href":"https:\/\/wb.pb.edu.pl\/mppl\/wp-json\/wp\/v2\/pages\/21\/revisions\/518"}],"wp:attachment":[{"href":"https:\/\/wb.pb.edu.pl\/mppl\/wp-json\/wp\/v2\/media?parent=21"}],"curies":[{"name":"wp","href":"https:\/\/api.w.org\/{rel}","templated":true}]}}